{"id":124,"date":"2021-05-24T12:24:23","date_gmt":"2021-05-24T10:24:23","guid":{"rendered":"http:\/\/garein.fr\/?page_id=124"},"modified":"2021-11-05T15:03:28","modified_gmt":"2021-11-05T14:03:28","slug":"mentions-legales","status":"publish","type":"page","link":"http:\/\/garein.fr\/?page_id=124","title":{"rendered":"Mentions l\u00e9gales"},"content":{"rendered":"\n<h2 class=\"has-text-align-center\">Mentions l\u00e9gales<\/h2>\n\n\n\n<p>Vous \u00eates actuellement connect\u00e9 au site officiel de la Commune de Garein. Merci de lire attentivement les mentions l\u00e9gales du pr\u00e9sent site avant de le parcourir. En vous connectant sur ce site, vous acceptez les modalit\u00e9s suivantes.<\/p>\n\n\n\n<ul><li><strong><u>Editeur&nbsp;<\/u><\/strong><\/li><\/ul>\n\n\n\n<p>Ce site internet est la propri\u00e9t\u00e9 de&nbsp;:<\/p>\n\n\n\n<p class=\"has-text-color has-normal-font-size\" style=\"color:#373333\">Commune de Garein<\/p>\n\n\n\n<p class=\"has-text-color has-normal-font-size\" style=\"color:#373333\">20 Place F\u00e9lix Arnaudin<\/p>\n\n\n\n<p class=\"has-text-color has-normal-font-size\" style=\"color:#373333\">40420 GAREIN<\/p>\n\n\n\n<p class=\"has-black-color has-text-color has-normal-font-size\">T\u00e9l\u00e9phone&nbsp;: 05 58 51 41 65<\/p>\n\n\n\n<p><strong>Directeur de publication<\/strong>&nbsp;: Monsieur SARTRE Philippe<\/p>\n\n\n\n<ul><li><strong><u>Condition d\u2019utilisation<\/u><\/strong><\/li><\/ul>\n\n\n\n<p>Ce site est exploit\u00e9 dans le respect de la l\u00e9gislation fran\u00e7aise. L&#8217;utilisation de ce site est r\u00e9gie par les pr\u00e9sentes conditions g\u00e9n\u00e9rales. En utilisant le site, vous reconnaissez avoir pris connaissance de ces conditions et les avoir accept\u00e9es. Celles-ci pourront \u00eatre modifi\u00e9es \u00e0 tout moment et sans pr\u00e9avis. L&#8217;\u00e9diteur ne saurait \u00eatre tenu pour responsable en aucune mani\u00e8re d\u2019une mauvaise utilisation du service.<\/p>\n\n\n\n<ul><li><strong><u>D\u00e9veloppement et h\u00e9bergement<\/u><\/strong><\/li><\/ul>\n\n\n\n<p><strong>CLICIS \u2013 2, Impasse de Sautegrue 40420 &#8211;&nbsp; Garein \u2013 &nbsp;<em>chrlabweb@gmail.com<\/em><\/strong><\/p>\n\n\n\n<p>H\u00e9bergeur&nbsp;: &nbsp;OVH \u2013 140, quai du Sartel \u2013 59100 \u2013 Roubaix \u2013France<\/p>\n\n\n\n<ul><li><strong><u>Propri\u00e9t\u00e9 intellectuelle<\/u><\/strong><\/li><\/ul>\n\n\n\n<p>L\u2019ensemble du contenu du pr\u00e9sent site, incluant, de fa\u00e7on non limitative, les graphismes, les photographies, les images les textes, les vid\u00e9os, les animations, les s\u00e9quences sonores, les logos, les gifs et les ic\u00f4nes ainsi que leur mise en forme et toutes les \u0153uvres int\u00e9gr\u00e9s dans le site sont de propri\u00e9t\u00e9 de l\u2019\u00e9diteur du site \u00e0 savoir la Commune de Garein \u00e0 l\u2019exception des marques, logos ou contenus qui&nbsp; sont de la propri\u00e9t\u00e9 de tiers ayant autoris\u00e9 \u00e0 les utiliser.<\/p>\n\n\n\n<p>Toute reproduction, distribution, modification, adaptation, retransmission ou publication, m\u00eame partielle, de ces diff\u00e9rents \u00e9l\u00e9ments est strictement interdite sans l&#8217;accord expr\u00e8s par \u00e9crit de la Commune de Garein. Cette repr\u00e9sentation ou reproduction, par quelque proc\u00e9d\u00e9 que ce soit, constitue une contrefa\u00e7on sanctionn\u00e9e par les articles L.3335-2 et suivants du Code de la propri\u00e9t\u00e9 intellectuelle. Le non-respect de cette interdiction constitue une contrefa\u00e7on pouvant engager la responsabilit\u00e9 civile et p\u00e9nale du contrefacteur. En outre, les propri\u00e9taires des contenus copi\u00e9s pourraient intenter une action en justice \u00e0 votre encontre.<\/p>\n\n\n\n<ul><li><strong><u>Protection des donn\u00e9es personnelles<\/u><\/strong><\/li><\/ul>\n\n\n\n<p>Pour remplir ses missions, la Commune de Garein collecte et traite des donn\u00e9es sur ses administr\u00e9s, et les conserve autant que de besoin et cela dans le respect de la r\u00e9glementation. La Commune de Garein est soucieuse de prot\u00e9ger vos donn\u00e9es \u00e0 caract\u00e8re personnel et de vous apporter toute l\u2019information n\u00e9cessaire \u00e0 l\u2019exercice de vos droits.<\/p>\n\n\n\n<p>La Commune de Garein s\u2019engage donc \u00e0 respecter la r\u00e9glementation en mati\u00e8re de protection des donn\u00e9es notamment le R\u00e8glement g\u00e9n\u00e9ral sur la protection des donn\u00e9es personnelles (RGPD) applicable depuis le 25 mai 2018.<\/p>\n\n\n\n<p><strong><em>Donn\u00e9es personnelles&nbsp;<\/em><\/strong><\/p>\n\n\n\n<p>Au sens de la r\u00e8glementation europ\u00e9enne, une donn\u00e9e \u00e0 caract\u00e8re personnel (ci-apr\u00e8s nomm\u00e9e \u00ab&nbsp;Donn\u00e9e(s) Personnelles (s)&nbsp;\u00bb) d\u00e9signe toute information susceptible de se rapporter \u00e0 une personne physique identifi\u00e9e ou identifiable.<\/p>\n\n\n\n<p>Le RGPD nous impose en qualit\u00e9 de responsable de traitement, de r\u00e9pondre \u00e0 certaines exigences auxquelles nous nous assurons de nous conformer afin de veiller \u00e0 prot\u00e9ger vos donn\u00e9es personnelles.<\/p>\n\n\n\n<p><strong><em>Coordonn\u00e9es du Responsable de traitement<\/em><\/strong><\/p>\n\n\n\n<p>Le responsable du traitement est la Mairie de Garein.<\/p>\n\n\n\n<p>Pour veiller \u00e0 la bonne application du RGPD, la Commune de Garein a d\u00e9sign\u00e9 un D\u00e9l\u00e9gu\u00e9 \u00e0 la Protection des Donn\u00e9es (DPD) qui est l\u2019interlocuteur privil\u00e9gi\u00e9 en&nbsp;mati\u00e8re de protection des donn\u00e9es \u00e0 caract\u00e8re personnel, tant au sein de la Commune que dans ses relations avec la Commission Nationale de l\u2019Informatique et des Libert\u00e9s (CNIL).<\/p>\n\n\n\n<p>La D\u00e9l\u00e9gu\u00e9 \u00e0 la protection des donn\u00e9es<\/p>\n\n\n\n<p>La soci\u00e9t\u00e9 Dat@rchiv<\/p>\n\n\n\n<p>179, Rue du palais<\/p>\n\n\n\n<p>01300 IZIEU<\/p>\n\n\n\n<p>Adresse \u00e9lectronique&nbsp;: <em><strong>dpd@datarchiv-coop.com<\/strong><\/em><\/p>\n\n\n\n<p>Vous pouvez le contacter pour tout renseignement suppl\u00e9mentaire. Sous r\u00e9serve d\u2019un manquement aux dispositions ci-dessus, vous avez le droit d\u2019introduire une r\u00e9clamation aupr\u00e8s de la CNIL.<\/p>\n\n\n\n<p><strong><em>Finalit\u00e9 des traitements<\/em><\/strong><\/p>\n\n\n\n<p>Dans le cadre de nos activit\u00e9s, nous traitons vos Donn\u00e9es Personnelles relatives \u00e0 vos diff\u00e9rentes d\u00e9marches sur le site internet, \u00e0 la gestion des demandes de renseignements et\/ou d\u2019exercices de vos droits fondamentaux.<\/p>\n\n\n\n<p><strong><em>Base juridique du traitement<\/em><\/strong><\/p>\n\n\n\n<p>La base juridique qui autorise l\u00e9galement le traitement notamment d\u2019exercice de vos droits fondamentaux est le consentement de la personne.<\/p>\n\n\n\n<p><strong><em>Destinataires des donn\u00e9es<\/em><\/strong><\/p>\n\n\n\n<p>Les donn\u00e9es seront g\u00e9r\u00e9es uniquement par la Commune de Garein et ne feront pas l\u2019objet de transfert.<\/p>\n\n\n\n<p><strong><em>Transfert des Donn\u00e9es Personnelles hors de l\u2019Union Europ\u00e9enne.<\/em><\/strong><\/p>\n\n\n\n<p>Les serveurs sont h\u00e9berg\u00e9s en France<\/p>\n\n\n\n<p><strong><em>Exercices de vos droits<\/em><\/strong><\/p>\n\n\n\n<p>Vous disposez des droits suivant&nbsp;: &nbsp;<\/p>\n\n\n\n<ul><li>droit d\u2019acc\u00e8s&nbsp; \u00e0 vos donn\u00e9es \u00e0 caract\u00e8re personnel ;<\/li><li>droit d\u2019opposition&nbsp;;<\/li><li>droit de rectification&nbsp;;<\/li><li>droit \u00e0 l\u2019effacement&nbsp;;<\/li><li>droit \u00e0 la limitation du traitement&nbsp;;<\/li><li>droit \u00e0 la portabilit\u00e9 des donn\u00e9es&nbsp;;<\/li><li>droit d\u2019introduire une r\u00e9clamation aupr\u00e8s de l\u2018autorit\u00e9 de contr\u00f4le (CNIL)&nbsp;;<\/li><li>droit de retirer \u00e0 tout moment votre consentement&nbsp;;<\/li><\/ul>\n\n\n\n<p>Les droits vis\u00e9s dans le pr\u00e9sent paragraphe s\u2019exercent aupr\u00e8s de notre D\u00e9l\u00e9gu\u00e9 \u00e0 la Protection des Donn\u00e9es via le formulaire de l\u2019exercice des droits fondamentaux ou par mail \u00e0 l\u2019adresse suivante&nbsp;: <strong><em>dpd@datarchiv-coop.com<\/em><\/strong><\/p>\n\n\n\n<p>Conform\u00e9ment \u00e0 l\u2019article 12.2 du RGPD, nous r\u00e9pondrons \u00e0 toute personne ayant fait l\u2019usage d\u2019un des droits susvis\u00e9s dans un d\u00e9lai d\u2019un (1) mois \u00e0 compter de la r\u00e9ception de la demande.<\/p>\n\n\n\n<p>Ce d\u00e9lai pourrait \u00eatre prolong\u00e9 de deux (2) mois, compte tenu de la complexit\u00e9 et du nombre de demandes, apr\u00e8s information de cette prolongation dans le d\u00e9lai d\u2019un (1) mois \u00e0 compter de la r\u00e9ception de la demande.<\/p>\n\n\n\n<p>Lorsque la personne concern\u00e9e formule sa demande sous une forme \u00e9lectronique, les informations sont fournies par voie \u00e9lectronique lorsque cela est possible et \u00e0 moins qu\u2019elle ne demande qu\u2019il en soit autrement.<\/p>\n\n\n\n<p>En cas de refus du responsable du traitement de donner suite \u00e0 la demande d\u2019information formul\u00e9e par la personne concern\u00e9e, ce dernier pr\u00e9cise les motifs de ce refus.<\/p>\n\n\n\n<p>En cas de non-respect de vos droits ou pour signaler toute atteinte \u00e0 la protection de vos Donn\u00e9es Personnelles, vous pouvez \u00e9galement introduire une r\u00e9clamation aupr\u00e8s de la CNIL, 3 place de Fontenoy &#8211; TSA 80715 &#8211; 75334 PARIS CEDEX 07.<\/p>\n\n\n\n<p><strong><u>Cookies<\/u><\/strong><\/p>\n\n\n\n<p>Voir les modalit\u00e9s relatives \u00e0 la <a rel=\"noreferrer noopener\" href=\"http:\/\/garein.fr\/?page_id=1326\" data-type=\"URL\" data-id=\"http:\/\/garein.fr\/?page_id=1326\" target=\"_blank\"><strong>gestion de cookies<\/strong><\/a>. <\/p>\n\n\n\n<p><\/p>\n\n\n\n<p><strong>(mettre le lien)<\/strong><\/p>\n\n\n\n<p><strong><u>Lien hypertextes<\/u><\/strong><\/p>\n\n\n\n<p>Les sites internet de peuvent offrir des liens vers d\u2019autres sites internet ou d\u2019autres ressources disponibles sur Internet.<\/p>\n\n\n\n<p>Le responsable \u00e9ditorial ne dispose d&#8217;aucun moyen pour contr\u00f4ler les sites en connexion avec ses sites internet. Il ne r\u00e9pond pas de la disponibilit\u00e9 de tels sites et sources externes, ni ne la garantit. Il ne peut \u00eatre tenu pour responsable de tout dommage, de quelque nature que ce soit, r\u00e9sultant du contenu de ces sites ou sources externes, et notamment des informations, produits ou services qu\u2019ils proposent, ou de tout usage qui peut \u00eatre fait de ces \u00e9l\u00e9ments. Les risques li\u00e9s \u00e0 cette utilisation incombent pleinement \u00e0 l&#8217;internaute, qui doit se conformer \u00e0 leurs conditions d&#8217;utilisation.<\/p>\n","protected":false},"excerpt":{"rendered":"<p>Mentions l\u00e9gales Vous \u00eates actuellement connect\u00e9 au site officiel de la Commune de Garein. Merci de lire attentivement les mentions l\u00e9gales du pr\u00e9sent site avant de le parcourir. En vous connectant sur ce site, vous acceptez les modalit\u00e9s suivantes. Editeur&nbsp; Ce site internet est la propri\u00e9t\u00e9 de&nbsp;: Commune de Garein 20 Place F\u00e9lix Arnaudin 40420 <a class=\"read-more\" href=\"http:\/\/garein.fr\/?page_id=124\">&#8230; En savoir plus &#8230;<\/a><\/p>\n","protected":false},"author":1,"featured_media":0,"parent":0,"menu_order":0,"comment_status":"closed","ping_status":"closed","template":"","meta":[],"_links":{"self":[{"href":"http:\/\/garein.fr\/index.php?rest_route=\/wp\/v2\/pages\/124"}],"collection":[{"href":"http:\/\/garein.fr\/index.php?rest_route=\/wp\/v2\/pages"}],"about":[{"href":"http:\/\/garein.fr\/index.php?rest_route=\/wp\/v2\/types\/page"}],"author":[{"embeddable":true,"href":"http:\/\/garein.fr\/index.php?rest_route=\/wp\/v2\/users\/1"}],"replies":[{"embeddable":true,"href":"http:\/\/garein.fr\/index.php?rest_route=%2Fwp%2Fv2%2Fcomments&post=124"}],"version-history":[{"count":18,"href":"http:\/\/garein.fr\/index.php?rest_route=\/wp\/v2\/pages\/124\/revisions"}],"predecessor-version":[{"id":1341,"href":"http:\/\/garein.fr\/index.php?rest_route=\/wp\/v2\/pages\/124\/revisions\/1341"}],"wp:attachment":[{"href":"http:\/\/garein.fr\/index.php?rest_route=%2Fwp%2Fv2%2Fmedia&parent=124"}],"curies":[{"name":"wp","href":"https:\/\/api.w.org\/{rel}","templated":true}]}}